Suppose t*h = -f + 11, 4*h - 9 = f + 8. Suppose h*x = -3*a + 64, -2*x = 3*a + 27 - 65. List the prime factors of x.
13
Let f(t) = 34*t - 18. Let x(y) = 34*y - 17. Let w(c) = -3*f(c) + 2*x(c). List the prime factors of w(-5).
2, 5, 19
Suppose c - 3 = 3*s, -4*c = 2*s - 6*s - 36. List the prime factors of ((18/10)/(-1))/(c/(-80)).
2, 3
Let x = 319 + -225. Suppose 5*g - x = 2*c, 4*c = -c + 15. Suppose -119 = -3*o - g. What are the prime factors of o?
3, 11
Let g = -2227 - -3909. What are the prime factors of g?
2, 29
Suppose -5*z + 2*f = -6, -4*z + 3*f + 2 = -0. Suppose 4*x - 16 = z*d - 6*d, -3*x + 12 = 5*d. Suppose 6*p - 2*p - 180 = d. What are the prime factors of p?
3, 5
Let x be 28/(-3) + 4/(-6). Let z = 15 + x. Suppose 3*k - 4*c = -0*c + 50, 3*k + 5*c = z. List the prime factors of k.
2, 5
Let v = 25 - -526. List the prime factors of v.
19, 29
Let m be (-10)/(-3) - 7/21. Suppose -155 = -2*g - m*g. List the prime factors of g.
31
Let j = -47 + 47. What are the prime factors of (j - 5) + 47 + 4/2?
2, 11
Let z(n) = -11*n - 4. Let w be z(1). Let a = w + 12. What are the prime factors of (-2)/(-2*a/(-12))?
2
Let x(w) be the second derivative of w**4/4 + 4*w**3/3 - 3*w**2/2 + 12*w. List the prime factors of x(-6).
3, 19
Let a = 480 + 76. List the prime factors of a.
2, 139
Suppose 0 = 5*t, u + 3*t - 5 = -0*t. Suppose 0 = -2*c + k + 148 + 23, u*k = -2*c + 153. Let x = -29 + c. What are the prime factors of x?
5, 11
Suppose 25483 = 31*l - 3936. What are the prime factors of l?
13, 73
Let h = -34 + 37. Suppose 0 = 2*u - 0*o + 4*o - 160, u = h*o + 60. What are the prime factors of u?
2, 3
Let p(b) = -b**2 + 12*b - 8. Let a be p(8). Suppose h = -h + a. Suppose 0 = -2*c + h + 16. What are the prime factors of c?
2, 7
Suppose 0 = 17*d + 11153 - 30584. What are the prime factors of d?
3, 127
Let w = 1389 - 113. What are the prime factors of w?
2, 11, 29
Let f = 832 + -303. List the prime factors of f.
23
Let x(h) = -12*h - 38. Let f be x(-6). Suppose 0 = -q + 2*q - 2. Suppose 3*n + f = q*c, c - 5*n = 9 + 1. What are the prime factors of c?
2, 5
Let c(u) = -u**3 + 12*u**2 - 9. Suppose 68*p - 9 = 67*p. What are the prime factors of c(p)?
2, 3, 13
Suppose 0 = 3*w + j - 9125, 3051 = -32*w + 33*w - 2*j. List the prime factors of w.
17, 179
Suppose -3*k + 2*y = -329, -2*k + 5*y + 218 = 3*y. Suppose 4*l - k = 69. Let p = l - 31. List the prime factors of p.
2, 7
Suppose 1 = 5*r - 9. Suppose -3*q + r*q = -7. Suppose o - 36 = -q. What are the prime factors of o?
29
What are the prime factors of (-43)/((-38)/140 - 28/(-140))?
2, 7, 43
Let x(j) = j + 8. Let z be 4 - 0/(4 - 8). Let r be 1*(32/z)/1. What are the prime factors of x(r)?
2
Let x(u) = -u**2 - 5*u - 4. Let f be x(-3). Suppose h = -r + 57, 3*r + f*r - 325 = 5*h. List the prime factors of r.
61
Suppose -3*i = -2*i - 3. Suppose -3*x + 2*x + 243 = 2*j, -i*j - 4*x + 372 = 0. What are the prime factors of j?
2, 3, 5
List the prime factors of 42/((-3)/72*-2).
2, 3, 7
Let j = 741 + -120. List the prime factors of j.
3, 23
Suppose 22*m - 17*m = 125. Let f = 46 + m. List the prime factors of f.
71
Let h = 4 - 11. Let a(c) = -2*c**3 - 8*c**2 + c - 5. Let m be a(h). List the prime factors of (-10)/(-15)*m/4.
47
Let p = -2395 - -3881. What are the prime factors of p?
2, 743
Let s(y) = y**2 + 16*y + 2. Let k be s(-16). Let h(m) = 6*m - 5*m**2 - 3*m - k*m**3 - 6*m. What are the prime factors of h(-3)?
2, 3
Let q(r) = 4*r**2 - 13*r - 19. List the prime factors of q(-20).
7, 263
Suppose -i = 3*d - 927, 7*i = 4*d + 4*i - 1223. List the prime factors of d.
2, 7, 11
Let a(k) = 2*k - 11. Let o be a(5). List the prime factors of -7 - -5 - 57*o.
5, 11
Let c be (4 - 2)*(-14)/(-4). Suppose -4*v + 63 = -c*v. Let x = v - -39. What are the prime factors of x?
2, 3
What are the prime factors of 0 + -5 + 845 - -6?
2, 3, 47
Let i(j) = 2*j**2 + j. Let z be i(5). Suppose -50 - z = -5*s. Let y = s + 2. List the prime factors of y.
23
Let h(j) = 21*j**2 + 179 + 178 - 356. Let w be ((-3)/3)/(0 - 1). What are the prime factors of h(w)?
2, 11
Let t(d) = 35*d - 77. What are the prime factors of t(39)?
2, 7, 23
List the prime factors of (-252)/(-24)*280/6.
2, 5, 7
Suppose -10*k - 6*k = -96. Suppose -k*n = -858 + 66. What are the prime factors of n?
2, 3, 11
Suppose -5*b = w - 3*w - 6404, -5113 = -4*b + 5*w. What are the prime factors of b?
2, 641
Suppose 0 = -5*p + 2*w + 3158, 3*p + w - 270 = 1627. What are the prime factors of p?
2, 79
List the prime factors of (-3 - (-3176)/24)*9.
2, 3, 97
Suppose 0 = k - 2, -4*a + 7518 = k - 4176. List the prime factors of a.
37, 79
Suppose -7*j - 10 = -2*j, -j + 90 = 4*v. Suppose -19*t + 4*t = 150. Let f = t + v. List the prime factors of f.
13
Let f(d) = d**2 - 6*d + 3. Suppose 4*v = v + 21. Let q be f(v). Let a = 52 - q. List the prime factors of a.
2, 3, 7
Let q be (-2)/5*-1*-10. Let n = 6 + q. Let f = 45 + n. What are the prime factors of f?
47
Let a(b) = b**3 + 21*b**2 + 32*b + 19. List the prime factors of a(-14).
23, 41
Let o = 872 + -492. What are the prime factors of o?
2, 5, 19
Let v(k) = -k**2 + 72*k - 5. What are the prime factors of v(22)?
3, 5, 73
Let c(b) = 20*b + 0 + 2 - 9*b + 12*b. Let a be c(-1). Let i = -4 - a. List the prime factors of i.
17
Let b = -9512 - -13338. List the prime factors of b.
2, 1913
Let f(c) = c**3 + 4*c**2 - 2*c - 4. Let i be f(-2). Suppose i*a + 138 = 10*a. List the prime factors of a.
3, 23
Let c(b) = -b - 1. Let x(o) = o + 1. Let j(h) = c(h) - 3*x(h). Let g be j(-2). Suppose g = 2*i - 32. List the prime factors of i.
2, 3
Let z = -321 - -227. Let j = z + 66. Let q = 5 - j. List the prime factors of q.
3, 11
Let t(w) = w**3 - 11*w**2 + 4*w - 20. Let p be t(10). Let k = p + 197. What are the prime factors of k?
3, 13
Suppose 2049 = 12*f - 9027. What are the prime factors of f?
13, 71
Let t(j) = 6*j + 1. Let f be t(3). Let g = -11 + f. Let x(u) = u**2 - 7*u - 6. List the prime factors of x(g).
2
Let o = 246 + -164. Let h = 222 - o. List the prime factors of (-18)/7*h/(-15).
2, 3
Let n(h) = h**3 + 5*h**2 - 7*h + 2. Let y be n(-6). List the prime factors of (-935)/(-22)*y/10.
2, 17
Let s(n) = 12 + 4*n - 16*n - 8 - 25*n. What are the prime factors of s(-3)?
5, 23
Suppose -3*t - 72 = 2*a + 23, 4*t - 31 = a. Let y = a + 100. Suppose 4*q - y = q. What are the prime factors of q?
19
Let a(d) = 22*d**3 + d**2 - d. Let u be a(1). Let i be (-2242)/(-57) + 1/((-3)/(-2)). Let s = u + i. List the prime factors of s.
2, 31
Suppose 5*m - 12190 = -4*i, 5*i = -4*m + 5*m - 2409. List the prime factors of m.
2, 1217
Let h = 206 - -1895. What are the prime factors of h?
11, 191
Let z = 1318 - 787. What are the prime factors of z?
3, 59
Let t(b) = -2*b**3 - 2*b**2 - 9*b - 77. What are the prime factors of t(-6)?
337
Let u = 38 + -14. Suppose w - u = -2*w. Let r = 14 - w. List the prime factors of r.
2, 3
Let l(j) = 7*j**3 - 11*j**2 + 5*j + 4. Let y(i) = 13*i**3 - 22*i**2 + 9*i + 7. Let d(a) = 11*l(a) - 6*y(a). What are the prime factors of d(10)?
2, 7
Let u = -3010 - -6170. List the prime factors of u.
2, 5, 79
Let c(q) = 29*q - 7. Let h be (-3)/(1*(-6)/4). List the prime factors of c(h).
3, 17
Let y = -29 + 47. Let s = 27 - y. Suppose 4*i - s = 2*b - b, 0 = 3*b - 5*i + 6. What are the prime factors of b?
3
Let h be 0 + (-4)/(-2) - 4. Let b = h - -6. Suppose 2*c = -b*c + 108. What are the prime factors of c?
2, 3
Let i be (-65)/(-2)*(-24)/(-15). Suppose 0*y + 4*y - i = 0. What are the prime factors of y?
13
Let h(n) = -62*n - 97. List the prime factors of h(-3).
89
Let h be 2 + (0/(-2))/(-3). Suppose 337 = h*k + g, 2*g + 356 + 330 = 4*k. Suppose 5*f - 4*p = k, 3*f - 5*p + 28 - 117 = 0. What are the prime factors of f?
2, 19
Suppose -5*u = -u + 16. Let n be 10/u*(-2)/1. Suppose -2*l = n*q - 11, l = -5*q - 4 + 2. What are the prime factors of l?
13
Suppose 6*z + 8 = 10*z. List the prime factors of (-13)/(26/(-84)) + z.
2, 11
Let i(p) = 2*p**2 - 1 + 8*p**2 - p**3 - 10*p - 6. Let b(c) = -6*c - 70. Let s be b(-13). List the prime factors of i(s).
41
Suppose 6*g = 5*g + 2. Let f(u) be the third derivative of u**6/24 - u**5/30 - u**4/8 + u**3/3 - 3*u**2. List the prime factors of f(g).
2, 7
Let c = -9 - -11. Suppose c*m + 91 = 4*m + 5*l, -l + 209 = 4*m. Let r = m + -18. What are the prime fac